9?
10
Calculate the remainder when 360388 is divided by 2171.
2
What is the remainder when 2611133 is divided by 174075?
8
Calculate the remainder when 172693 is divided by 57324.
721
Calculate the remainder when 10975 is divided by 5436.
103
Calculate the remainder when 934219 is divided by 133458.
13
What is the remainder when 5251855 is divided by 48182?
17
What is the remainder when 13929 is divided by 4636?
21
Calculate the remainder when 305066 is divided by 1055.
171
Calculate the remainder when 43866520 is divided by 52098.
4
What is the remainder when 1226074 is divided by 996?
994
Calculate the remainder when 35653 is divided by 2709.
436
What is the remainder when 40104282 is divided by 144?
138
What is the remainder when 487 is divided by 479?
8
Calculate the remainder when 344900296 is divided by 20.
16
What is the remainder when 158011 is divided by 4512?
91
What is the remainder when 29598 is divided by 54?
6
What is the remainder when 1290520 is divided by 2095?
0
Calculate the remainder when 2652056 is divided by 5469.
5060
What is the remainder when 84510 is divided by 9702?
6894
Calculate the remainder when 72910 is divided by 72896.
14
Calculate the remainder when 113011 is divided by 14116.
83
Calculate the remainder when 554289 is divided by 6843.
6
What is the remainder when 302429269 is divided by 1430?
1429
Calculate the remainder when 7951428 is divided by 2650450.
78
Calculate the remainder when 435855 is divided by 294.
147
Calculate the remainder when 55162 is divided by 557.
19
Calculate the remainder when 20984 is divided by 14940.
6044
What is the remainder when 19148090 is divided by 6382682?
44
What is the remainder when 7314929 is divided by 683?
682
What is the remainder when 15249847 is divided by 35?
32
Calculate the remainder when 27736235 is divided by 814.
813
What is the remainder when 14445580 is divided by 63?
58
Calculate the remainder when 49405 is divided by 19.
5
Calculate the remainder when 103283 is divided by 8926.
5097
What is the remainder when 415216 is divided by 31938?
22
What is the remainder when 31209 is divided by 6730?
4289
Calculate the remainder when 108041 is divided by 49.
45
Calculate the remainder when 90966356 is divided by 3790264.
20
Calculate the remainder when 200227 is divided by 40026.
97
Calculate the remainder when 183220689 is divided by 100.
89
Calculate the remainder when 3650669 is divided by 81.
80
What is the remainder when 12529415 is divided by 2464?
2439
Calculate the remainder when 2396034 is divided by 104169.
147
What is the remainder when 235605 is divided by 29170?
2245
Calculate the remainder when 87318820 is divided by 165.
160
Calculate the remainder when 1146294 is divided by 8955.
54
What is the remainder when 60337 is divided by 15016?
273
Calculate the remainder when 255529 is divided by 378.
1
Calculate the remainder when 13095923 is divided by 240.
83
Calculate the remainder when 947981 is divided by 31.
1
What is the remainder when 251995 is divided by 514?
135
Calculate the remainder when 1460122 is divided by 4148.
26
Calculate the remainder when 23760333 is divided by 5337.
9
Calculate the remainder when 4969740 is divided by 1656556.
72
Calculate the remainder when 900239 is divided by 39137.
88
What is the remainder when 568886 is divided by 57?
26
Calculate the remainder when 52891 is divided by 49280.
3611
Calculate the remainder when 9306988 is divided by 272.
236
Calculate the remainder when 16426484 is divided by 2652.
2648
Calculate the remainder when 1042143 is divided by 1838.
1835
Calculate the remainder when 101190086 is divided by 20.
6
Calculate the remainder when 16940163 is divided by 15.
3
Calculate the remainder when 772725 is divided by 23415.
30
What is the remainder when 1534640 is divided by 511275?
815
What is the remainder when 774819 is divided by 3164?
2803
What is the remainder when 4175430 is divided by 9425?
155
Calculate the remainder when 3979384 is divided by 8360.
24
Calculate the remainder when 149878 is divided by 1094.
0
Calculate the remainder when 164617 is divided by 4841.
23
What is the remainder when 46721 is divided by 46616?
105
What is the remainder when 25883095 is divided by 225?
220
What is the remainder when 1580470 is divided by 60787?
8
Calculate the remainder when 44631293 is divided by 4456.
4453
What is the remainder when 872250 is divided by 96200?
6450
What is the remainder when 233696 is divided by 210?
176
What is the remainder when 192757 is divided by 953?
251
What is the remainder when 12169147 is divided by 6084555?
37
What is the remainder when 7721892 is divided by 1930468?
20
What is the remainder when 82104677 is divided by 40?
37
Calculate the remainder when 405284 is divided by 101115.
824
What is the remainder when 7709 is divided by 7515?
194
What is the remainder when 1670540 is divided by 61855?
455
What is the remainder when 2548765 is divided by 227?
9
What is the remainder when 35908 is divided by 35233?
675
What is the remainder when 311699 is divided by 156?
11
Calculate the remainder when 7214958 is divided by 366.
0
What is the remainder when 12395882 is divided by 166?
164
What is the remainder when 2223940 is divided by 49?
26
What is the remainder when 3616318 is divided by 1205415?
73
Calculate the remainder when 139775 is divided by 46536.
167
What is the remainder when 322535 is divided by 133?
10
What is the remainder when 42408090 is divided by 29?
27
Calculate the remainder when 130916 is divided by 8679.
731
What is the remainder when 376780 is divided by 8007?
451
What is the remainder when 64791489 is divided by 443777?
47
What is the remainder when 20950 is divided by 20632?
318
Calculate the remainder when 136745 is divided by 131600.
5145
Calculate the remainder when 28479378 is divided by 21.
18
Calculate the remainder when 124478 is divided by 1660.
1638
What is the remainder when 7499 is divided by 18?
11
Calculate the remainder when 8492254 is divided by 2742.
280
What is the remainder when 600715 is divided by 3685?
60
Calculate the remainder when 1169718 is divided by 194951.
12
Calculate the remainder when 2427356 is divided by 566.
348
What is the remainder when 78449 is divided by 6536?
17
Calculate the remainder when 265731 is divided by 1760.
1731
What is the remainder when 15259122 is divided by 37958?
6
Calculate the remainder when 8258648 is divided by 1179804.
20
What is the remainder when 32352 is divided by 1440?
672
Calculate the remainder when 63672954 is divided by 61.
56
Calculate the remainder when 13644772 is divided by 512.
484
Calculate the remainder when 96792 is divided by 95733.
1059
What is the remainder when 784346 is divided by 254?
248
What is the remainder when 236650 is divided by 890?
800
What is the remainder when 1326418 is divided by 52?
2
Calculate the remainder when 73937579 is divided by 3140.
3139
Calculate the remainder when 378129 is divided by 1537.
27
What is the remainder when 39756 is divided by 7758?
966
Calculate the remainder when 760264 is divided by 133.
36
Calculate the remainder when 564531 is divided by 767.
19
Calculate the remainder when 11879931 is divided by 400.
331
Calculate the remainder when 145856 is divided by 24284.
152
What is the remainder when 26941198 is divided by 7?
4
What is the remainder when 155377874 is divided by 51792624?
2
Calculate the remainder when 1023219 is divided by 51160.
19
What is the remainder when 564211 is divided by 49?
25
Calculate the remainder when 99260 is divided by 4319.
4242
Calculate the remainder when 1928386 is divided by 482096.
2
What is the remainder when 629221 is divided by 345?
286
Calculate the remainder when 199875252 is divided by 725.
2
What is the remainder when 44872118 is divided by 44872106?
12
Calculate the remainder when 1070892 is divided by 970.
12
What is the remainder when 184903 is divided by 159?
145
Calculate the remainder when 686321 is divided by 339839.
6643
What is the remainder when 14924 is divided by 176?
140
What is the remainder when 13752 is divided by 2590?
802
Calculate the remainder when 4970964 is divided by 1083.
1077
What is the remainder when 291595 is divided by 1683?
436
What is the remainder when 33299